{"id":135,"date":"2024-04-13T22:56:46","date_gmt":"2024-04-13T20:56:46","guid":{"rendered":"http:\/\/elvisss.com\/make8elieve\/?page_id=135"},"modified":"2025-08-01T23:05:32","modified_gmt":"2025-08-01T21:05:32","slug":"concept","status":"publish","type":"page","link":"http:\/\/elvisss.com\/make8elieve\/concept\/","title":{"rendered":"CONCEPT"},"content":{"rendered":"<p><span style=\"background: #FFFFFF;\">MAKE8ELIEVE is primarily an online magazine, the result of a collaboration spanning over 10 years between two artists: MMM, based in Chicago, Illinois, and Cetusss, based in Geneva, Switzerland. MAKE8ELIEVE claims to be an intelligent and thought-provoking magazine, exploring contemporary and unconventional topics.<\/span><\/p>\n\n\n<figure class=\"wp-block-gallery has-nested-images columns-default is-cropped wp-block-gallery-1 is-layout-flex wp-block-gallery-is-layout-flex\">\n<figure class=\"wp-block-image size-large\"><img decoding=\"async\" data-id=\"752\" src=\"http:\/\/elvisss.com\/make8elieve\/wp-content\/uploads\/2024\/04\/MMM-Cetusss-2.gif\" alt=\"\" class=\"wp-image-752\"\/><\/figure>\n<\/figure>\n\n\n\n<div style=\"height:20px\" aria-hidden=\"true\" class=\"wp-block-spacer\"><\/div>\n\n\n\n<div class=\"wp-block-columns is-layout-flex wp-container-core-columns-is-layout-9d6595d7 wp-block-columns-is-layout-flex\">\n<div class=\"wp-block-column is-layout-flow wp-block-column-is-layout-flow\" style=\"flex-basis:100%\">\n<div class=\"wp-block-buttons is-horizontal is-content-justification-left is-layout-flex wp-container-core-buttons-is-layout-7e5fce0a wp-block-buttons-is-layout-flex\">\n<div class=\"wp-block-button is-style-outline is-style-outline--2\"><a class=\"wp-block-button__link has-white-color has-black-background-color has-text-color has-background has-small-font-size has-custom-font-size wp-element-button\" href=\"https:\/\/discord.gg\/u5WYFwxFjd\" target=\"_blank\" rel=\"noreferrer noopener\">Discord<\/a><\/div>\n\n\n\n<div class=\"wp-block-button is-style-outline is-style-outline--3\"><a class=\"wp-block-button__link has-white-color has-black-background-color has-text-color has-background has-small-font-size has-custom-font-size wp-element-button\" href=\"https:\/\/www.facebook.com\/MAKE8ELIEVE\" target=\"_blank\" rel=\"noreferrer noopener\">Facebook<\/a><\/div>\n\n\n\n<div class=\"wp-block-button is-style-outline is-style-outline--4\"><a class=\"wp-block-button__link has-white-color has-black-background-color has-text-color has-background has-small-font-size has-custom-font-size wp-element-button\" href=\"https:\/\/www.instagram.com\/make8elieve\" target=\"_blank\" rel=\"noreferrer noopener\">Instagram<\/a><\/div>\n\n\n\n<div class=\"wp-block-button is-style-outline is-style-outline--5\"><a class=\"wp-block-button__link has-white-color has-black-background-color has-text-color has-background has-small-font-size has-custom-font-size wp-element-button\" href=\"https:\/\/www.reddit.com\/r\/Make8elievers\/\" target=\"_blank\" rel=\"noreferrer noopener\">Reddit<\/a><\/div>\n\n\n\n<div class=\"wp-block-button is-style-outline is-style-outline--6\"><a class=\"wp-block-button__link has-white-color has-black-background-color has-text-color has-background has-small-font-size has-custom-font-size wp-element-button\" href=\"https:\/\/www.twitch.tv\/make8elieve\" target=\"_blank\" rel=\"noreferrer noopener\">Twitch<\/a><\/div>\n\n\n\n<div class=\"wp-block-button is-style-outline is-style-outline--7\"><a class=\"wp-block-button__link has-white-color has-black-background-color has-text-color has-background has-small-font-size has-custom-font-size wp-element-button\" href=\"https:\/\/x.com\/make8elieve\" target=\"_blank\" rel=\"noreferrer noopener\">X<\/a><\/div>\n\n\n\n<div class=\"wp-block-button is-style-outline is-style-outline--8\"><a class=\"wp-block-button__link has-white-color has-black-background-color has-text-color has-background has-small-font-size has-custom-font-size wp-element-button\" href=\"mailto:make8elieve@proton.me\">@<\/a><\/div>\n<\/div>\n<\/div>\n<\/div>\n\n\n\n<div style=\"height:20px\" aria-hidden=\"true\" class=\"wp-block-spacer\"><\/div>\n\n\n<p><span style=\"background: #FFFFFF;\">MAKE8ELIEVE est un magazine principalement en ligne, r\u00e9sultat d\u2019une collaboration depuis plus de 10 ans entre 2 artistes, MMM vivant \u00e0 Chicago dans l\u2019\u00e9tat de l\u2019Illinois et Cetusss vivant \u00e0 Gen\u00e8ve en Suisse. MAKE8ELIEVE pr\u00e9tend \u00eatre un magazine intelligent et stimulant aux sujets contemporains et inhabituels.<\/span><\/p>\n\n\n<!--nextpage-->\n\n\n\n<h2 class=\"wp-block-heading\">SHOW-CASED<\/h2>\n\n\n<p><span style=\"background: #FFFFFF;\">19-28.09.2014 # Everybody&rsquo;s Perfect # Cin\u00e9mas du Gr\u00fctli (Geneva, CH)<br \/>13.09.2014 # <a href=\"http:\/\/www.forma-art.ch\" target=\"_blank\" rel=\"noopener noreferrer\">FORMA art contemporain<\/a> # Fred Bott &amp; Collectif Indigene artshow (Lausanne, CH)<br \/>14.09.2013 # Arspolis 3 # Arspolis, a cultural association (Lugano, CH)<br \/>28.08.2013 # Fanzinoth\u00e8que # Al Rowwad Cultural Center situated in the camp of A\u00efda (Bethlehem, Cisjordanie)<\/span><\/p>\n\n\n<h2 class=\"wp-block-heading\">PRESS<\/h2>\n\n\n<p><span style=\"background: #FFFFFF;\">02.09.2016 # Artblut rubrique # Blut, le magazine anti-d\u00e9prime<br \/>04.01.2016 # Interview S. Lambeaux # MAUVAIS GENRES, C\u00e9line du Ch\u00e9n\u00e9 # France Culture Radio (Paris, F)<br \/>02.02.2015 # Alicia DeBrincat # ARTFILE Magazine, New York<br \/><\/span><span style=\"background: #FFFFFF;\">12.2014-01.2015 # Michelle Murphy&rsquo;s portfolio # 360\u00b0 (Geneva, CH)<br \/>19.09.2014 # Nic Ulmi # Le Temps&nbsp;(Geneva, CH)<br \/>26.08.2014 # Rob Fatal&rsquo;s interview # Kink.com, San Francisco<br \/>01.09.2013 # Alexa Schermesser # Go Out!, le magazine culturel Genevois (Geneva, CH)<br \/>11.02.2013 # Kevin # Platform London, Arts Activism Education Research<br \/>Fall 2012 # CIA LINK, News for alumin and friends of the Cleveland Institute of Art<br \/>11.12.2011 # Petter Viasselfebb # dat\u00e9, Swiss army knife of contemporary art (Geneva, CH)<\/span><\/p>\n\n\n<h2 class=\"wp-block-heading\">NOTED<\/h2>\n\n\n<p><span style=\"background: #FFFFFF;\">06.08.2021 # <a href=\"https:\/\/www.twitch.tv\/hotwheelzfestival\">BeyONd GREEN\/$<\/a> #&nbsp;curated by M_m&lt;M #&nbsp;<a href=\"https:\/\/hotwheelzfestival.com\/\">Hot Wheelz Festival<\/a><\/span><\/p>","protected":false},"excerpt":{"rendered":"<p class=\"excerpt\">MAKE8ELIEVE is primarily an online magazine, the result of a collaboration spanning over 10 years between two artists: MMM, based in Chicago, Illinois, and Cetusss, based in Geneva, Switzerland. MAKE8ELIEVE&hellip; <span class=\"more-link\">la suite<\/span><\/p>\n","protected":false},"author":1,"featured_media":0,"parent":0,"menu_order":0,"comment_status":"closed","ping_status":"closed","template":"","meta":{"footnotes":""},"class_list":["post-135","page","type-page","status-publish","hentry"],"jetpack_sharing_enabled":true,"_links":{"self":[{"href":"http:\/\/elvisss.com\/make8elieve\/wp-json\/wp\/v2\/pages\/135","targetHints":{"allow":["GET"]}}],"collection":[{"href":"http:\/\/elvisss.com\/make8elieve\/wp-json\/wp\/v2\/pages"}],"about":[{"href":"http:\/\/elvisss.com\/make8elieve\/wp-json\/wp\/v2\/types\/page"}],"author":[{"embeddable":true,"href":"http:\/\/elvisss.com\/make8elieve\/wp-json\/wp\/v2\/users\/1"}],"replies":[{"embeddable":true,"href":"http:\/\/elvisss.com\/make8elieve\/wp-json\/wp\/v2\/comments?post=135"}],"version-history":[{"count":6,"href":"http:\/\/elvisss.com\/make8elieve\/wp-json\/wp\/v2\/pages\/135\/revisions"}],"predecessor-version":[{"id":353,"href":"http:\/\/elvisss.com\/make8elieve\/wp-json\/wp\/v2\/pages\/135\/revisions\/353"}],"wp:attachment":[{"href":"http:\/\/elvisss.com\/make8elieve\/wp-json\/wp\/v2\/media?parent=135"}],"curies":[{"name":"wp","href":"https:\/\/api.w.org\/{rel}","templated":true}]}}